s the greatest common factor of 99 and o?
9
Let p be 336/6 + -3 - -1. Let u = p + -53. Calculate the highest common divisor of u and 9.
1
Suppose -189*a = -190*a + 26. Calculate the highest common divisor of 62 and a.
2
Let n = -343 - -204. Let v = -73 - n. What is the greatest common divisor of 22 and v?
22
Let b = -55 + -54. Let y = b - -64. Let n be 300/(-8)*3*12/y. What is the highest common factor of 15 and n?
15
Suppose 4*p - 11088 = -10*p. Suppose -26*i + p = -22*i. What is the greatest common divisor of i and 33?
33
Let w(f) = f**2 - 130*f + 3333. Let z be w(35). What is the highest common factor of z and 824?
8
Suppose -4*s - 5*t + 214 = 0, 2*t + 109 = 5*s - 175. Calculate the highest common divisor of s and 4480.
56
Suppose 32*z - 1175 = 4873. Let t be (z/35)/((-4)/(-20)). Calculate the greatest common divisor of 18 and t.
9
Suppose c - 5*j - 7 = 0, 0 = 20*j - 24*j - 4. Suppose 511 = c*y + t + 150, 2*y + 2*t = 356. What is the greatest common divisor of 244 and y?
61
Let j = 140 - 137. Let p be ((-8)/(-3))/(5/(-15)). Let l be (-570)/p + j/4. Calculate the greatest common factor of l and 18.
18
Let f = 8019 - 7864. Calculate the highest common divisor of 527 and f.
31
Suppose 0 = -3*y + 6*y - 33. Let c = -141 - -180. Suppose t = -4*b - 2 + c, 5*b = t - 28. Calculate the highest common factor of y and t.
11
Let x = 241 - 535. Let h = x - -567. Calculate the highest common divisor of 39 and h.
39
Suppose -15 = g - 6*g. Let s be g + (-3186)/(-6) + 6/2. Suppose -2*o - 7*v + s = -4*v, 3*o + 4*v = 807. Calculate the greatest common factor of o and 39.
39
Suppose -3*h = -13*h + 540. Let d(i) = -2*i**2 + i + 1. Let x be d(3). Let u = 4 - x. What is the greatest common divisor of u and h?
18
Suppose -2*w + 3*w = 1170. Let q be ((-4068)/565 + 4/(-5))*117/(-12). Calculate the greatest common divisor of w and q.
78
Let r be ((-30)/25)/((-3)/((-30)/(-4))). Let f be -7 + r + 37/1. What is the greatest common divisor of f and 99?
33
Let z be (-2 + 3)/((-3)/(-54)). What is the greatest common divisor of z and 99?
9
Let f be (422 + 1)/3 - (32 + -31). What is the highest common factor of 3836 and f?
28
Suppose 4*y - 374 = -7*i, 5*y - 4*y = -i + 92. Calculate the highest common factor of y and 162.
18
Let o(z) = 6*z - 58. Let t(p) = -9*p + 116. Let f(d) = -7*o(d) - 3*t(d). Let g be f(-13). Calculate the greatest common factor of g and 69.
23
Let f be (34683/66)/((-4)/8). Let o = -1009 - f. Suppose -4*p - u = 21 - 67, -4*p = -2*u - 52. What is the highest common divisor of p and o?
6
Suppose 2*i + 5*t + 16 = 95, 0 = -2*i - 6*t + 86. Calculate the highest common divisor of i and 5511.
11
Let o(y) = y**2 + 11*y + 24. Let l be o(-8). Suppose 0*q - v + 706 = 2*q, 4*q + 4*v - 1420 = l. What is the greatest common factor of q and 13?
13
Suppose -3*y - 25 = -5*l, -4*l = 4*y - 7 - 13. Suppose -4*i + 4*c + 51 + 153 = 0, -2*i - 2*c + 106 = y. What is the highest common factor of i and 754?
26
Let s(m) = 24*m**2 - 10*m - 290. Let w be s(-12). What is the highest common divisor of w and 31?
31
Let n = 46 - 43. Let r be n + (-3)/3 + 26. Suppose 5*l + r = 5*j - 27, 25 = 3*j + 5*l. What is the highest common factor of j and 130?
10
Let v = -120 - -267. Let d(o) = -4*o**3 - 8*o**2 - 3*o - 3. Let s be d(-3). Calculate the greatest common divisor of s and v.
21
Suppose -9*r + 334 - 64 = 0. Suppose -3*h + 846 = 3*g, 0 = -71*h + 70*h - 3. Calculate the greatest common divisor of g and r.
15
Suppose 2*u + s - 259 = 0, 3*u + 34 = s + 420. Let w(y) = 20*y + 3. Let b be w(2). What is the highest common factor of u and b?
43
Suppose -3564 = 50*r - 61*r. Suppose -55*t + r = -46*t. What is the highest common factor of 84 and t?
12
Let g = 61 - 35. Let d be (-10)/125 - 43546/(-100)*-2. Let i = 936 + d. Calculate the greatest common factor of g and i.
13
Let o = 79 - -57. Suppose a - 2*q - 25 = 0, 4*a - 4*q = 59 + 25. Calculate the highest common divisor of o and a.
17
Let m = 72 + -35. Let c be (-40 + m)/((-2)/4). Calculate the greatest common factor of 48 and c.
6
Let q = 9160 - 8974. Calculate the greatest common factor of 60 and q.
6
Let r be 2/(-8) + 130/8. Let u = r + 15. Calculate the highest common factor of u and 341.
31
Suppose 3*l - 1980 = -0*l. Let z be ((-90)/8)/(-40 + 7007/176). What is the greatest common divisor of z and l?
60
Let o(d) = 2*d**2 - 2. Let y be o(5). Let t = -374104 - -374188. What is the highest common divisor of y and t?
12
Let s(u) = 5*u**2 - 878 + 2*u - u**2 + 875. Let g be s(1). Suppose -z + 61 = 5*t + 2*z, 3*t = -g*z + 33. Calculate the greatest common divisor of t and 98.
14
Suppose 1193 - 11948 = -n + 2849. Calculate the highest common divisor of 152 and n.
76
Let m be -32 - (4 + (-4 - -4)). Let w be 6/(m/6) - -167. What is the highest common divisor of w and 83?
83
Let s = -540 - -546. Let z be ((-63)/s + -1)/(65/(-260)). What is the highest common divisor of z and 2?
2
Let i = 478 + -502. Let z be (-34 - i)*2/(-1). Calculate the greatest common factor of z and 580.
20
Let g(p) = 2*p**3 + p**2 + 4*p - 4. Let c be g(1). Suppose -3*b - 9 = 0, -4*d = -c*d + 4*b - 28. What is the highest common factor of 5 and d?
5
Let j(a) = a**3 - 9*a**2 + 9*a - 8. Let u be j(8). Suppose 21*n - 23*n + 124 = u. What is the highest common divisor of n and 2?
2
Let z(f) = 46*f - 25. Suppose 51*k - 46*k = -4*o - 16, 0 = -o + k + 5. Let r be z(o). Calculate the highest common divisor of 105 and r.
21
Let w = -1312 + 1319. What is the highest common factor of w and 103?
1
Let j = 98 - 92. Let i be 18 - (-4 - -9 - j). What is the greatest common factor of 304 and i?
19
Suppose 2*p = 3*p - 14. Let z be (3604/119)/(4/p). What is the greatest common divisor of 159 and z?
53
Let w = -114 - -124. Suppose -20 - w = -r. What is the highest common divisor of 4 and r?
2
Let l be (-3)/(-1) - 555/(-15). Suppose -11*a + l = -7*a. Calculate the greatest common factor of a and 4.
2
Suppose 0 = -28*t + 34*t - 540. Let z = 91 - t. What is the greatest common divisor of z and 4?
1
Suppose 7*g + 128 - 366 = 0. Let r(p) = -29*p**3 - 2*p**2 + 2*p + 1. Let o be r(-2). Calculate the greatest common factor of g and o.
17
Suppose 0 = -30*j + 3*w + 138, 25 = 2*j + 2*w + 7. Let z be 89/(-2) - (-1)/2. Let b = -14 - z. Calculate the greatest common factor of b and j.
5
Let d(q) = q**3 - q**2 + q + 63. Let f be d(0). Let h be 17/((-2)/(-48)*-6). Let n be (-9 - h/8)*-42. What is the greatest common divisor of f and n?
21
Let c be 2/4 - (-31)/2. Let r be 448/(-21)*(-30)/4. Suppose 29*i - r = 4944. Calculate the greatest common divisor of i and c.
16
Suppose -18 = -h + 4*l - 5*l, 5*l - 10 = -h. Let x be (-10)/((-16)/(-20)*h/8). Let b(m) = m + 13. Let a be b(x). What is the highest common factor of 20 and a?
4
Suppose -2*v + 80 = -58. Let f = -21 + 24. Calculate the greatest common divisor of f and v.
3
Let b(v) = 2*v**3 - 9*v**2 - 19*v + 31. Let q be b(8). Suppose q = 3*f + 306. Calculate the highest common divisor of f and 35.
7
Let g be 12/28 + (880/1848)/((-6)/(-11007) + 0). Suppose -75 - 1 = -4*b. What is the greatest common factor of b and g?
19
Let x(s) = -4*s**3 + 66*s**2 + 39*s - 25. Let d be x(17). Suppose n = 5*n - 156. Let h = d + n. What is the greatest common divisor of 9 and h?
9
Suppose -101*d - 9280 = -109*d. Calculate the highest common divisor of 240 and d.
40
Let y = 231 - 230. Suppose -3*u + 2*z = -3*z - 69, -2*z - 115 = -5*u. What is the greatest common factor of u and y?
1
Suppose -2*l = -8207 + 57. Calculate the greatest common factor of 1141 and l.
163
Suppose -4*z - 8 = 0, 0*j + 4*z = 4*j + 384. Let d = -95 - j. Let i be 29 - (4*(4 - d) + 0). What is the greatest common divisor of 25 and i?
25
Let z(k) = k**3 - 4*k + 5. Let a be z(2). Let c(y) = 2*y - 2. Let v be c(a). Suppose -v*d + 7*d + 8 = 0. Calculate the greatest common divisor of d and 72.
8
Let x = 747 - 833. Let n = x + 102. Calculate the highest common divisor of 112 and n.
16
Suppose 15*k = 6*k - 54. Let t be (-66)/(k - (-1 + (-1 - 2))). Suppose -6*s = -t - 75. Calculate the highest common divisor of 54 and s.
18
Suppose 5 = 2*a - 17. Let o(r) = 3*r**2 - 328*r + 7622. Let s be o(76). What is the highest common divisor of a and s?
11
Let s(o) = -5*o**2 - 30*o + 4. Let u(b) = 6*b**2 + 33*b - 3. Let w(l) = 7*s(l) 